{"id":11044,"date":"2024-05-30T13:54:42","date_gmt":"2024-05-30T11:54:42","guid":{"rendered":"https:\/\/www.artestruzmallorca.com\/?page_id=11044"},"modified":"2026-02-28T10:39:46","modified_gmt":"2026-02-28T09:39:46","slug":"cumples","status":"publish","type":"page","link":"https:\/\/www.artestruzmallorca.com\/de\/cumples\/","title":{"rendered":"Geburtstag"},"content":{"rendered":"<p>[vc_row anchor_wrap_section=&#8220;no&#8220;][vc_column][ts_section_title color=&#8220;#81d742&#8243; title=&#8220;Geburtstag Artestruz&#8220;][vc_single_image image=&#8220;6855&#8243; img_size=&#8220;large&#8220; alignment=&#8220;center&#8220;][\/vc_column][vc_column width=&#8220;1\/2&#8243;][ts_side_content position=&#8220;right&#8220;]Unsere l\u00e4ndliche Umgebung mit einer entspannten und liebenswerten Atmosph\u00e4re eignet sich wunderbar f\u00fcr eine so intime Veranstaltung wie einen Geburtstag.<\/p>\n<p><strong>Mindestens 15 Personen<\/strong><\/p>\n<p><strong>\u00d6ffnungszeiten:<\/strong><\/p>\n<p>10:00 &#8211; 13:00 Uhr &#8211; von der Ankunft bis zur Abreise 3 Uhr morgens. Bitte respektieren Sie den festgelegten Zeitplan und versuchen Sie, so oft wie m\u00f6glich ein Auto zu teilen.<\/p>\n<p><strong>Beinhaltet:<\/strong><\/p>\n<p>Strau\u00dfenf\u00fctterung \u2013 1 Sch\u00fcssel M\u00fcsli und eine Sch\u00fcssel Gr\u00fcnfutter f\u00fcr jeweils 4 Personen<\/p>\n<p>Frage- und Antwortsitzung mit einem Fachmann<\/p>\n<p>Selbstgef\u00fchrte Tour mit 6 QR-Codes. ausschlie\u00dflich \u00fcber den f\u00fcr Besichtigungen vorgesehenen Weg<\/p>\n<p>Ausgewiesener Bereich f\u00fcr Geburtstage, drinnen oder drau\u00dfen<\/p>\n<p><strong>Beinhaltet nicht:<\/strong><\/p>\n<p>Dekor<\/p>\n<p>Essen, Trinken und Kuchen<\/p>\n<p><strong>Vorgeschlagenen Zeitplan:<\/strong><\/p>\n<p>15 Minuten &#8211; Ankunft und Begr\u00fc\u00dfung<\/p>\n<p>15 Minuten \u2013 Strau\u00dfe f\u00fcttern<\/p>\n<p>20 Minuten \u2013 Fragen und Antworten mit Profi<\/p>\n<p>30 Minuten \u2013 selbstgef\u00fchrte Tour<\/p>\n<p>Bis zum Schluss \u2013 genie\u00dft den Geburtstag mit Familie und Freunden!<\/p>\n<p>&nbsp;<\/p>\n<p>&nbsp;<\/p>\n<p><strong>Preis pro Person: 9 \u20ac<\/strong><\/p>\n<p>&nbsp;<\/p>\n<p>Das Angebot gilt nicht f\u00fcr die Termine Juli, August und Ostern<\/p>\n<p>F\u00fcr gr\u00f6\u00dfere Gruppen informieren Sie sich bitte \u00fcber Preise und Konditionen[\/ts_side_content][\/vc_column][vc_column width=&#8220;1\/2&#8243;][ts_side_slider details=&#8220;%5B%7B%22image%22%3A%226803%22%7D%2C%7B%22image%22%3A%226801%22%7D%2C%7B%22image%22%3A%226804%22%7D%2C%7B%22image%22%3A%226807%22%7D%2C%7B%22image%22%3A%226805%22%7D%2C%7B%22image%22%3A%226802%22%7D%5D&#8220;][vc_empty_space][\/vc_column][\/vc_row]<\/p>\n","protected":false},"excerpt":{"rendered":"<p>[vc_row anchor_wrap_section=&#8220;no&#8220;][vc_column][ts_section_title color=&#8220;#81d742&#8243; title=&#8220;Geburtstag Artestruz&#8220;][vc_single_image image=&#8220;6855&#8243; img_size=&#8220;large&#8220; alignment=&#8220;center&#8220;][\/vc_column][vc_column width=&#8220;1\/2&#8243;][ts_side_content position=&#8220;right&#8220;]Unsere l\u00e4ndliche Umgebung mit einer entspannten und liebenswerten Atmosph\u00e4re eignet sich wunderbar f\u00fcr eine so intime Veranstaltung wie einen Geburtstag. Mindestens 15 Personen \u00d6ffnungszeiten: 10:00 &#8211; 13:00 Uhr &#8211; von der Ankunft bis zur Abreise 3 Uhr morgens. Bitte respektieren Sie den festgelegten Zeitplan und versuchen [&hellip;]<\/p>\n","protected":false},"author":2,"featured_media":0,"parent":0,"menu_order":0,"comment_status":"closed","ping_status":"closed","template":"","meta":{"footnotes":""},"class_list":["post-11044","page","type-page","status-publish","hentry"],"_links":{"self":[{"href":"https:\/\/www.artestruzmallorca.com\/de\/wp-json\/wp\/v2\/pages\/11044","targetHints":{"allow":["GET"]}}],"collection":[{"href":"https:\/\/www.artestruzmallorca.com\/de\/wp-json\/wp\/v2\/pages"}],"about":[{"href":"https:\/\/www.artestruzmallorca.com\/de\/wp-json\/wp\/v2\/types\/page"}],"author":[{"embeddable":true,"href":"https:\/\/www.artestruzmallorca.com\/de\/wp-json\/wp\/v2\/users\/2"}],"replies":[{"embeddable":true,"href":"https:\/\/www.artestruzmallorca.com\/de\/wp-json\/wp\/v2\/comments?post=11044"}],"version-history":[{"count":4,"href":"https:\/\/www.artestruzmallorca.com\/de\/wp-json\/wp\/v2\/pages\/11044\/revisions"}],"predecessor-version":[{"id":12518,"href":"https:\/\/www.artestruzmallorca.com\/de\/wp-json\/wp\/v2\/pages\/11044\/revisions\/12518"}],"wp:attachment":[{"href":"https:\/\/www.artestruzmallorca.com\/de\/wp-json\/wp\/v2\/media?parent=11044"}],"curies":[{"name":"wp","href":"https:\/\/api.w.org\/{rel}","templated":true}]}}

<p>[vc_row anchor_wrap_section=&#8220;no&#8220;][vc_column][ts_section_title color=&#8220;#81d742&#8243; title=&#8220;Geburtstag Artestruz&#8220;][vc_single_image image=&#8220;6855&#8243; img_size=&#8220;large&#8220; alignment=&#8220;center&#8220;][/vc_column][vc_column width=&#8220;1/2&#8243;][ts_side_content position=&#8220;right&#8220;]Unsere ländliche Umgebung mit einer entspannten und liebenswerten Atmosphäre eignet sich wunderbar für eine so intime Veranstaltung wie einen Geburtstag.</p>
<p><strong>Mindestens 15 Personen</strong></p>
<p><strong>Öffnungszeiten:</strong></p>
<p>10:00 &#8211; 13:00 Uhr &#8211; von der Ankunft bis zur Abreise 3 Uhr morgens. Bitte respektieren Sie den festgelegten Zeitplan und versuchen Sie, so oft wie möglich ein Auto zu teilen.</p>
<p><strong>Beinhaltet:</strong></p>
<p>Straußenfütterung – 1 Schüssel Müsli und eine Schüssel Grünfutter für jeweils 4 Personen</p>
<p>Frage- und Antwortsitzung mit einem Fachmann</p>
<p>Selbstgeführte Tour mit 6 QR-Codes. ausschließlich über den für Besichtigungen vorgesehenen Weg</p>
<p>Ausgewiesener Bereich für Geburtstage, drinnen oder draußen</p>
<p><strong>Beinhaltet nicht:</strong></p>
<p>Dekor</p>
<p>Essen, Trinken und Kuchen</p>
<p><strong>Vorgeschlagenen Zeitplan:</strong></p>
<p>15 Minuten &#8211; Ankunft und Begrüßung</p>
<p>15 Minuten – Strauße füttern</p>
<p>20 Minuten – Fragen und Antworten mit Profi</p>
<p>30 Minuten – selbstgeführte Tour</p>
<p>Bis zum Schluss – genießt den Geburtstag mit Familie und Freunden!</p>
<p>&nbsp;</p>
<p>&nbsp;</p>
<p><strong>Preis pro Person: 9 €</strong></p>
<p>&nbsp;</p>
<p>Das Angebot gilt nicht für die Termine Juli, August und Ostern</p>
<p>Für größere Gruppen informieren Sie sich bitte über Preise und Konditionen[/ts_side_content][/vc_column][vc_column width=&#8220;1/2&#8243;][ts_side_slider details=&#8220;%5B%7B%22image%22%3A%226803%22%7D%2C%7B%22image%22%3A%226801%22%7D%2C%7B%22image%22%3A%226804%22%7D%2C%7B%22image%22%3A%226807%22%7D%2C%7B%22image%22%3A%226805%22%7D%2C%7B%22image%22%3A%226802%22%7D%5D&#8220;][vc_empty_space][/vc_column][/vc_row]</p>

<p>[vc_row anchor_wrap_section=&#8220;no&#8220;][vc_column][ts_section_title color=&#8220;#81d742&#8243; title=&#8220;Geburtstag Artestruz&#8220;][vc_single_image image=&#8220;6855&#8243; img_size=&#8220;large&#8220; alignment=&#8220;center&#8220;][/vc_column][vc_column width=&#8220;1/2&#8243;][ts_side_content position=&#8220;right&#8220;]Unsere ländliche Umgebung mit einer entspannten und liebenswerten Atmosphäre eignet sich wunderbar für eine so intime Veranstaltung wie einen Geburtstag. Mindestens 15 Personen Öffnungszeiten: 10:00 &#8211; 13:00 Uhr &#8211; von der Ankunft bis zur Abreise 3 Uhr morgens. Bitte respektieren Sie den festgelegten Zeitplan und versuchen [&hellip;]</p>
