{"id":2213,"date":"2021-07-02T17:54:08","date_gmt":"2021-07-02T17:54:08","guid":{"rendered":"https:\/\/bazan-lab.com\/Artestruz\/visitas-tour-guiado-artestruz\/"},"modified":"2026-04-21T10:13:31","modified_gmt":"2026-04-21T08:13:31","slug":"visita-artestruz","status":"publish","type":"page","link":"https:\/\/www.artestruzmallorca.com\/ca\/visita-artestruz\/","title":{"rendered":"Visita Artestruz"},"content":{"rendered":"<p>[vc_row gap=&#8221;5&#8243; content_placement=&#8221;middle&#8221; anchor_wrap_section=&#8221;no&#8221;][vc_column width=&#8221;1\/2&#8243;][vc_cta h2=&#8221;&#8221; txt_align=&#8221;center&#8221; style=&#8221;outline&#8221; color=&#8221;green&#8221; el_width=&#8221;xl&#8221;]<strong>No cal reserva.<\/strong> Podeu comprar les entrades a la porta. Per\u00f2 si ho preferiu:[\/vc_cta][vc_btn title=&#8221;Comprar entrades&#8221; color=&#8221;green&#8221; align=&#8221;center&#8221; button_block=&#8221;true&#8221; link=&#8221;url:https%3A%2F%2Fwww.artestruzmallorca.com%2Fproducto%2Fentradas-artestruz%2F&#8221;][vc_cta h2=&#8221;&#8221; txt_align=&#8221;center&#8221; style=&#8221;outline&#8221; color=&#8221;green&#8221; el_width=&#8221;xl&#8221;]Durada de visita t\u00edpica: 60 minuts<\/p>\n<p>No cal reserva.<\/p>\n<p><strong>Preu General<\/strong><br \/>\nAdults &#8211; 19,50 \u20ac (a partir dels 12 anys)<br \/>\nPensionista &#8211; 18,50 \u20ac<br \/>\nDiscapacitat adult &#8211; 18,50 \u20ac<br \/>\nFam\u00edlia nombrosa adult &#8211; 18,50 \u20ac<\/p>\n<p>Petits &#8211; 10\u20ac (3 &#8211; 11 anys ambd\u00f3s inclosos)<br \/>\nDiscapacitat petit &#8211; 9 \u20ac<br \/>\nFam\u00edlia nombrosa petita &#8211; 9 \u20ac<\/p>\n<p><strong>Preu Residents<\/strong><br \/>\nAdults &#8211; 17 \u20ac (a partir dels 12 anys)<br \/>\nPensionista &#8211; 16 \u20ac<br \/>\nDiscapacitat adult &#8211; 16 \u20ac<br \/>\nFam\u00edlia nombrosa adult &#8211; 16 \u20ac<\/p>\n<p>Petits &#8211; 9 \u20ac (3 &#8211; 11 anys ambd\u00f3s inclosos)<br \/>\nDiscapacitat petit &#8211; 8 \u20ac<br \/>\nFam\u00edlia nombrosa petita &#8211; 8 \u20ac<\/p>\n<p>Menors de 3 anys gratu\u00efts.<\/p>\n<p>Consulteu per a preus de grup i altres descomptes.<\/p>\n<p class=\"opening-hours\">\r\n\t<span class=\"day-name\">Dilluns:<\/span> <span class=\"hours\">Closed<\/span><br>\n\t<span class=\"day-name\">Dimarts:<\/span> <span class=\"hours\">Closed<\/span><br>\n\t<span class=\"day-name\">Dimecres:<\/span> <span class=\"hours\">11:00 \u2013 16:00<\/span><br>\n\t<span class=\"day-name\">Dijous:<\/span> <span class=\"hours\">11:00 \u2013 16:00<\/span><br>\n\t<span class=\"day-name\">Divendres:<\/span> <span class=\"hours\">11:00 \u2013 16:00<\/span><br>\n\t<span class=\"day-name\">Dissabte:<\/span> <span class=\"hours\">11:00 \u2013 16:00<\/span><br>\n\t<span class=\"day-name\">Diumenge:<\/span> <span class=\"hours\">11:00 \u2013 16:00<\/span>\n<\/p>\r\n\n<p>Darrera entrada 15:00H<\/p>\n<p><strong>Dijous 30 abril 2026 tancat per a visita escolar<\/strong>[\/vc_cta][vc_column_text]Els estru\u00e7os s\u00f3n animals fascinants. R\u00e0pids, forts, i amb una llarga llista de r\u00e8cords mundials, aquesta au sorpr\u00e8n per on el miris. A banda d&#8217;aprendre sobre detalls t\u00e8cnics i factuals, volem ensenyar-te l&#8217;altra banda de la nostra fam\u00edlia. Curiosos i juganers, entremaliats i elegants. No \u00e9s en va que molts visitants s?enamoren d?aquest animal.<\/p>\n<p>Vine a contagiar-te de la nostra passi\u00f3 per aquests animals. Volem compartir amb vosaltres una experi\u00e8ncia \u00fanica, el nostre amor, i la nostra connexi\u00f3 amb els estru\u00e7os.<\/p>\n<p>El nostre amor pels estru\u00e7os \u00e9s el nostre orgull. Hem dedicat gran part de la nostra vida a aquests meravellosos animals, i pensem dedicar-los molt m\u00e9s. A m\u00e9s, volem que tinguis la possibilitat d&#8217;interactuar-hi en un entorn segur i respectu\u00f3s.[\/vc_column_text][\/vc_column][vc_column width=&#8221;1\/2&#8243;][ts_side_slider details=&#8221;%5B%7B%22image%22%3A%22759%22%7D%2C%7B%22image%22%3A%22758%22%7D%2C%7B%22image%22%3A%22607%22%7D%2C%7B%22image%22%3A%22837%22%7D%5D&#8221;][vc_empty_space][\/vc_column][\/vc_row][vc_row][vc_column][\/vc_column][vc_column width=&#8221;1\/2&#8243;][ts_side_slider details=&#8221;%5B%7B%22image%22%3A%22684%22%7D%2C%7B%22image%22%3A%22605%22%7D%2C%7B%22image%22%3A%22638%22%7D%2C%7B%22image%22%3A%22642%22%7D%2C%7B%22image%22%3A%22646%22%7D%5D&#8221;][vc_empty_space][vc_column_text]<\/p>\n<p style=\"text-align: justify;\">Vols gaudir encara m\u00e9s el temps? <strong>Pren alguna cosa alguna cosa a la nostra terrassa<\/strong> mentre gaudeixes d&#8217;un espectacle natural que \u00e9s entretingut i ex\u00f2tic.<\/p>\n<p>\ud83d\udd25 Nou! Vine a gaudir dels Diumenges de barbacoa: tu portes el menjar i nosaltres encenem el foc. Nom\u00e9s amb reserva.<br data-start=\"626\" data-end=\"629\" \/><a href=\"http:\/\/www.artestruzmallorca.com\/bbq\">\ud83d\udc49 <strong data-start=\"632\" data-end=\"670\">Fes clic aqu\u00ed per a m\u00e9s informaci\u00f3<\/strong><\/a>[\/vc_column_text][vc_btn title=&#8221;Vine a la nostra cafeteria!&#8221; style=&#8221;outline&#8221; color=&#8221;orange&#8221; size=&#8221;lg&#8221; align=&#8221;center&#8221; link=&#8221;url:https%3A%2F%2Fwww.artestruzmallorca.com%2Fca%2Fcafeteria%2F|title:Cafeter%C3%ADa%20y%20Cocina%20Abierta&#8221;][\/vc_column][vc_column width=&#8221;1\/2&#8243;][\/vc_column][\/vc_row]<\/p>\n","protected":false},"excerpt":{"rendered":"<p>[vc_row gap=&#8221;5&#8243; content_placement=&#8221;middle&#8221; anchor_wrap_section=&#8221;no&#8221;][vc_column width=&#8221;1\/2&#8243;][vc_cta h2=&#8221;&#8221; txt_align=&#8221;center&#8221; style=&#8221;outline&#8221; color=&#8221;green&#8221; el_width=&#8221;xl&#8221;]No cal reserva. Podeu comprar les entrades a la porta. Per\u00f2 si ho preferiu:[\/vc_cta][vc_btn title=&#8221;Comprar entrades&#8221; color=&#8221;green&#8221; align=&#8221;center&#8221; button_block=&#8221;true&#8221; link=&#8221;url:https%3A%2F%2Fwww.artestruzmallorca.com%2Fproducto%2Fentradas-artestruz%2F&#8221;][vc_cta h2=&#8221;&#8221; txt_align=&#8221;center&#8221; style=&#8221;outline&#8221; color=&#8221;green&#8221; el_width=&#8221;xl&#8221;]Durada de visita t\u00edpica: 60 minuts No cal reserva. Preu General Adults &#8211; 19,50 \u20ac (a partir dels 12 anys) Pensionista &#8211; [&hellip;]<\/p>\n","protected":false},"author":2,"featured_media":0,"parent":0,"menu_order":0,"comment_status":"closed","ping_status":"closed","template":"","meta":{"footnotes":""},"class_list":["post-2213","page","type-page","status-publish","hentry"],"_links":{"self":[{"href":"https:\/\/www.artestruzmallorca.com\/ca\/wp-json\/wp\/v2\/pages\/2213","targetHints":{"allow":["GET"]}}],"collection":[{"href":"https:\/\/www.artestruzmallorca.com\/ca\/wp-json\/wp\/v2\/pages"}],"about":[{"href":"https:\/\/www.artestruzmallorca.com\/ca\/wp-json\/wp\/v2\/types\/page"}],"author":[{"embeddable":true,"href":"https:\/\/www.artestruzmallorca.com\/ca\/wp-json\/wp\/v2\/users\/2"}],"replies":[{"embeddable":true,"href":"https:\/\/www.artestruzmallorca.com\/ca\/wp-json\/wp\/v2\/comments?post=2213"}],"version-history":[{"count":70,"href":"https:\/\/www.artestruzmallorca.com\/ca\/wp-json\/wp\/v2\/pages\/2213\/revisions"}],"predecessor-version":[{"id":12881,"href":"https:\/\/www.artestruzmallorca.com\/ca\/wp-json\/wp\/v2\/pages\/2213\/revisions\/12881"}],"wp:attachment":[{"href":"https:\/\/www.artestruzmallorca.com\/ca\/wp-json\/wp\/v2\/media?parent=2213"}],"curies":[{"name":"wp","href":"https:\/\/api.w.org\/{rel}","templated":true}]}}

<p>[vc_row gap=&#8221;5&#8243; content_placement=&#8221;middle&#8221; anchor_wrap_section=&#8221;no&#8221;][vc_column width=&#8221;1/2&#8243;][vc_cta h2=&#8221;&#8221; txt_align=&#8221;center&#8221; style=&#8221;outline&#8221; color=&#8221;green&#8221; el_width=&#8221;xl&#8221;]<strong>No cal reserva.</strong> Podeu comprar les entrades a la porta. Però si ho preferiu:[/vc_cta][vc_btn title=&#8221;Comprar entrades&#8221; color=&#8221;green&#8221; align=&#8221;center&#8221; button_block=&#8221;true&#8221; link=&#8221;url:https%3A%2F%2Fwww.artestruzmallorca.com%2Fproducto%2Fentradas-artestruz%2F&#8221;][vc_cta h2=&#8221;&#8221; txt_align=&#8221;center&#8221; style=&#8221;outline&#8221; color=&#8221;green&#8221; el_width=&#8221;xl&#8221;]Durada de visita típica: 60 minuts</p>
<p>No cal reserva.</p>
<p><strong>Preu General</strong><br />
Adults &#8211; 19,50 € (a partir dels 12 anys)<br />
Pensionista &#8211; 18,50 €<br />
Discapacitat adult &#8211; 18,50 €<br />
Família nombrosa adult &#8211; 18,50 €</p>
<p>Petits &#8211; 10€ (3 &#8211; 11 anys ambdós inclosos)<br />
Discapacitat petit &#8211; 9 €<br />
Família nombrosa petita &#8211; 9 €</p>
<p><strong>Preu Residents</strong><br />
Adults &#8211; 17 € (a partir dels 12 anys)<br />
Pensionista &#8211; 16 €<br />
Discapacitat adult &#8211; 16 €<br />
Família nombrosa adult &#8211; 16 €</p>
<p>Petits &#8211; 9 € (3 &#8211; 11 anys ambdós inclosos)<br />
Discapacitat petit &#8211; 8 €<br />
Família nombrosa petita &#8211; 8 €</p>
<p>Menors de 3 anys gratuïts.</p>
<p>Consulteu per a preus de grup i altres descomptes.</p>
<p class="opening-hours">
	<span class="day-name">Dilluns:</span> <span class="hours">Closed</span><br>
	<span class="day-name">Dimarts:</span> <span class="hours">Closed</span><br>
	<span class="day-name">Dimecres:</span> <span class="hours">11:00 – 16:00</span><br>
	<span class="day-name">Dijous:</span> <span class="hours">11:00 – 16:00</span><br>
	<span class="day-name">Divendres:</span> <span class="hours">11:00 – 16:00</span><br>
	<span class="day-name">Dissabte:</span> <span class="hours">11:00 – 16:00</span><br>
	<span class="day-name">Diumenge:</span> <span class="hours">11:00 – 16:00</span>
</p>

<p>Darrera entrada 15:00H</p>
<p><strong>Dijous 30 abril 2026 tancat per a visita escolar</strong>[/vc_cta][vc_column_text]Els estruços són animals fascinants. Ràpids, forts, i amb una llarga llista de rècords mundials, aquesta au sorprèn per on el miris. A banda d&#8217;aprendre sobre detalls tècnics i factuals, volem ensenyar-te l&#8217;altra banda de la nostra família. Curiosos i juganers, entremaliats i elegants. No és en va que molts visitants s?enamoren d?aquest animal.</p>
<p>Vine a contagiar-te de la nostra passió per aquests animals. Volem compartir amb vosaltres una experiència única, el nostre amor, i la nostra connexió amb els estruços.</p>
<p>El nostre amor pels estruços és el nostre orgull. Hem dedicat gran part de la nostra vida a aquests meravellosos animals, i pensem dedicar-los molt més. A més, volem que tinguis la possibilitat d&#8217;interactuar-hi en un entorn segur i respectuós.[/vc_column_text][/vc_column][vc_column width=&#8221;1/2&#8243;][ts_side_slider details=&#8221;%5B%7B%22image%22%3A%22759%22%7D%2C%7B%22image%22%3A%22758%22%7D%2C%7B%22image%22%3A%22607%22%7D%2C%7B%22image%22%3A%22837%22%7D%5D&#8221;][vc_empty_space][/vc_column][/vc_row][vc_row][vc_column][/vc_column][vc_column width=&#8221;1/2&#8243;][ts_side_slider details=&#8221;%5B%7B%22image%22%3A%22684%22%7D%2C%7B%22image%22%3A%22605%22%7D%2C%7B%22image%22%3A%22638%22%7D%2C%7B%22image%22%3A%22642%22%7D%2C%7B%22image%22%3A%22646%22%7D%5D&#8221;][vc_empty_space][vc_column_text]</p>
<p style="text-align: justify;">Vols gaudir encara més el temps? <strong>Pren alguna cosa alguna cosa a la nostra terrassa</strong> mentre gaudeixes d&#8217;un espectacle natural que és entretingut i exòtic.</p>
<p>🔥 Nou! Vine a gaudir dels Diumenges de barbacoa: tu portes el menjar i nosaltres encenem el foc. Només amb reserva.<br data-start="626" data-end="629" /><a href="http://www.artestruzmallorca.com/bbq">👉 <strong data-start="632" data-end="670">Fes clic aquí per a més informació</strong></a>[/vc_column_text][vc_btn title=&#8221;Vine a la nostra cafeteria!&#8221; style=&#8221;outline&#8221; color=&#8221;orange&#8221; size=&#8221;lg&#8221; align=&#8221;center&#8221; link=&#8221;url:https%3A%2F%2Fwww.artestruzmallorca.com%2Fca%2Fcafeteria%2F|title:Cafeter%C3%ADa%20y%20Cocina%20Abierta&#8221;][/vc_column][vc_column width=&#8221;1/2&#8243;][/vc_column][/vc_row]</p>

<p>[vc_row gap=&#8221;5&#8243; content_placement=&#8221;middle&#8221; anchor_wrap_section=&#8221;no&#8221;][vc_column width=&#8221;1/2&#8243;][vc_cta h2=&#8221;&#8221; txt_align=&#8221;center&#8221; style=&#8221;outline&#8221; color=&#8221;green&#8221; el_width=&#8221;xl&#8221;]No cal reserva. Podeu comprar les entrades a la porta. Però si ho preferiu:[/vc_cta][vc_btn title=&#8221;Comprar entrades&#8221; color=&#8221;green&#8221; align=&#8221;center&#8221; button_block=&#8221;true&#8221; link=&#8221;url:https%3A%2F%2Fwww.artestruzmallorca.com%2Fproducto%2Fentradas-artestruz%2F&#8221;][vc_cta h2=&#8221;&#8221; txt_align=&#8221;center&#8221; style=&#8221;outline&#8221; color=&#8221;green&#8221; el_width=&#8221;xl&#8221;]Durada de visita típica: 60 minuts No cal reserva. Preu General Adults &#8211; 19,50 € (a partir dels 12 anys) Pensionista &#8211; [&hellip;]</p>
